{"id":20,"date":"2020-02-07T16:15:03","date_gmt":"2020-02-07T15:15:03","guid":{"rendered":"http:\/\/www.bacciodimagio.it\/?page_id=20"},"modified":"2020-02-24T18:41:35","modified_gmt":"2020-02-24T17:41:35","slug":"la-toscana","status":"publish","type":"page","link":"https:\/\/www.bacciodimagio.it\/?page_id=20","title":{"rendered":"Toscana"},"content":{"rendered":"<p><a href=\"http:\/\/www.bacciodimagio.it\/wp-content\/uploads\/2019\/12\/toscana.jpg\" class=\"gallery_colorbox\"><img class=\"alignnone size-full wp-image-11\" src=\"http:\/\/www.bacciodimagio.it\/wp-content\/uploads\/2019\/12\/toscana.jpg\"  alt=\"arezzo\" \/><\/a><br \/>\nLa <strong>Toscana<\/strong> \u00e8 conosciuta in ogni angolo del mondo per i suoi paesaggi, la sua storia, il suo retaggio artistico e la sua influenza sull&#8217;arte e la cultura. Considerata come &#8220;la culla del Rinascimento italiano&#8221;, ha ospitato figure fra le pi\u00f9 influenti nella storia dell&#8217;arte, della cultura e della scienza. In <strong>Toscana<\/strong> sorgono musei famosi in tutto il mondo, come ad esempio gli Uffizi e Palazzo Pitti. Pe la propria forte identit\u00e0 linguistica, storica e culturale, \u00e8 stata definita come &#8220;la nazione all&#8217;interno di una nazione&#8221;.<\/p>\n<p>La <strong>Toscana<\/strong> \u00e8 una destinazione turistica obbligatoria, in Italia: le principali localit\u00e0 sono <strong><a href=\"http:\/\/www.bacciodimagio.it\/firenze-2\/\">Firenze<\/a><\/strong>, Pisa, Lucca, <strong><a href=\"http:\/\/www.bacciodimagio.it\/siena-2\/\">Siena<\/a><\/strong>, <strong><a href=\"http:\/\/www.bacciodimagio.it\/arezzo\/\">Arezzo<\/a><\/strong>, <strong><a href=\"http:\/\/www.bacciodimagio.it\/cortona\/\">Cortona<\/a><\/strong>, la Versilia, la Maremma e la zona del Chianti. Il villaggio di Castiglione della Pescaia \u00e8 la destinazione balneare pi\u00f9 visitata della regione, con un turismo balneare che rappresenta circa il 40% del totale. Inoltre, Siena, Lucca, la regione del Chianti, la Versilia e la Val d&#8217;Orcia sono luoghi di storica fama internazionale, per arte, cultura e scienza, quindi particolarmente noti ai viaggiatori.<\/p>\n<p>Di forma approssimativamente triangolare, la <strong>Toscana<\/strong> confina con le regioni della Liguria a nord-ovest, l&#8217;Emilia-Romagna a nord, le Marche a nord-est, l&#8217;Umbria a est e il Lazio a sud-est. Il comune (comune) di Badia Tedalda, nella provincia <strong>Toscana<\/strong> di Arezzo, ha un&#8217;enclave di nome Ca &#8216;Raffaello in Emilia-Romagna.<\/p>\n<p>La costa occidentale della <strong>Toscana<\/strong> si protrae sul Mar Ligure e sul Mar Tirreno. Pi\u00f9 a sud si trova l&#8217;arcipelago toscano, del quale l&#8217;isola pi\u00f9 grande \u00e8 l&#8217;Elba. La regione ha una superficie di circa 23.000 chilometri quadrati (8.900 miglia quadrate). Circondata e attraversata da grandi catene montuose e con poche ma fertili pianure, la <strong>Toscana<\/strong> ha rilievi dominati da paesaggi collinari, le cui aree sono quasi interamente impiegate per l&#8217;agricoltura. Le colline costituiscono quasi i due terzi (66,5%) dell&#8217;area totale della regione, coprendo 15.300 chilometri quadrati, e le montagne (di cui le pi\u00f9 alte sono gli Appennini) si estendono per un ulteriore 25% (o circa 5.800 Kmq). Le pianure occupano l&#8217;8,4% della superficie totale &#8211; 2.000 chilometri quadrati (750 miglia quadrate) &#8211; e si trovano principalmente attorno alla valle dell&#8217;Arno. Anche molte delle pi\u00f9 grandi citt\u00e0 toscane si trovano sulle rive dell&#8217;Arno, come ad esempio Firenze, Empoli e Pisa.<\/p>\n<p>Il clima della <strong>Toscana<\/strong> \u00e8 abbastanza mite nelle aree costiere, ed \u00e8 pi\u00f9 rigido e piovoso all&#8217;interno, con notevoli fluttuazioni di temperatura tra l&#8217;inverno e l&#8217;estate, dando alla regione un attivo e caratteristico ciclo di congelamento-scongelamento del suolo. La <strong>Toscana<\/strong> da sempre produce vini tradizionali e ricercati, tra cui Chianti, Vino Nobile di Montepulciano, Morellino di Scansano e Brunello di Montalcino.<\/p>\n","protected":false},"excerpt":{"rendered":"<p>La Toscana \u00e8 conosciuta in ogni angolo del mondo per i suoi paesaggi, la sua storia, il suo retaggio artistico e la sua influenza sull&#8217;arte e la cultura. Considerata come &#8220;la culla del Rinascimento italiano&#8221;, ha ospitato figure fra le pi\u00f9 influenti nella storia dell&#8217;arte, della cultura e della scienza. In Toscana sorgono musei famosi<\/p>\n","protected":false},"author":1,"featured_media":0,"parent":0,"menu_order":0,"comment_status":"closed","ping_status":"closed","template":"","meta":[],"_links":{"self":[{"href":"https:\/\/www.bacciodimagio.it\/index.php?rest_route=\/wp\/v2\/pages\/20"}],"collection":[{"href":"https:\/\/www.bacciodimagio.it\/index.php?rest_route=\/wp\/v2\/pages"}],"about":[{"href":"https:\/\/www.bacciodimagio.it\/index.php?rest_route=\/wp\/v2\/types\/page"}],"author":[{"embeddable":true,"href":"https:\/\/www.bacciodimagio.it\/index.php?rest_route=\/wp\/v2\/users\/1"}],"replies":[{"embeddable":true,"href":"https:\/\/www.bacciodimagio.it\/index.php?rest_route=%2Fwp%2Fv2%2Fcomments&post=20"}],"version-history":[{"count":20,"href":"https:\/\/www.bacciodimagio.it\/index.php?rest_route=\/wp\/v2\/pages\/20\/revisions"}],"predecessor-version":[{"id":267,"href":"https:\/\/www.bacciodimagio.it\/index.php?rest_route=\/wp\/v2\/pages\/20\/revisions\/267"}],"wp:attachment":[{"href":"https:\/\/www.bacciodimagio.it\/index.php?rest_route=%2Fwp%2Fv2%2Fmedia&parent=20"}],"curies":[{"name":"wp","href":"https:\/\/api.w.org\/{rel}","templated":true}]}}