{"id":8,"date":"2019-12-15T16:49:44","date_gmt":"2019-12-15T15:49:44","guid":{"rendered":"http:\/\/www.bacciodimagio.it\/?page_id=8"},"modified":"2019-12-15T17:17:46","modified_gmt":"2019-12-15T16:17:46","slug":"home","status":"publish","type":"page","link":"https:\/\/www.bacciodimagio.it","title":{"rendered":"Home"},"content":{"rendered":"<p>Citt\u00e0 antichissima, risalente ad epoche pre-etrusche, Arezzo \u00e8 il capoluogo di provincia di Bibbiena e di tutto il Casentino. Il ritrovamento di strumenti di pietra e del cosiddetto \u201cuomo dell\u2019Olmo\u201d, risalente al Paleolitico ed avvenuto nei pressi della citt\u00e0, testimoniano proprio le origini cos\u00ec remote.<br \/>\nArezzo fu in seguito una delle principali citt\u00e0 etrusche, e molto probabilmente sede di una delle 12 lucumonie. A questo periodo risalgono opere d\u2019arte di eccezionale valore, come la Chimera, la cui immagine caratterizza talmente la citt\u00e0 quasi da diventarne un simbolo. E\u2019 oggi conservata a Firenze.<\/p>\n","protected":false},"excerpt":{"rendered":"<p>Citt\u00e0 antichissima, risalente ad epoche pre-etrusche, Arezzo \u00e8 il capoluogo di provincia di Bibbiena e di tutto il Casentino. Il ritrovamento di strumenti di pietra e del cosiddetto \u201cuomo dell\u2019Olmo\u201d, risalente al Paleolitico ed avvenuto nei pressi della citt\u00e0, testimoniano proprio le origini cos\u00ec remote. Arezzo fu in seguito una delle principali citt\u00e0 etrusche, e<\/p>\n","protected":false},"author":1,"featured_media":0,"parent":0,"menu_order":0,"comment_status":"closed","ping_status":"closed","template":"page-templates\/template-homepage-3.php","meta":[],"_links":{"self":[{"href":"https:\/\/www.bacciodimagio.it\/index.php?rest_route=\/wp\/v2\/pages\/8"}],"collection":[{"href":"https:\/\/www.bacciodimagio.it\/index.php?rest_route=\/wp\/v2\/pages"}],"about":[{"href":"https:\/\/www.bacciodimagio.it\/index.php?rest_route=\/wp\/v2\/types\/page"}],"author":[{"embeddable":true,"href":"https:\/\/www.bacciodimagio.it\/index.php?rest_route=\/wp\/v2\/users\/1"}],"replies":[{"embeddable":true,"href":"https:\/\/www.bacciodimagio.it\/index.php?rest_route=%2Fwp%2Fv2%2Fcomments&post=8"}],"version-history":[{"count":1,"href":"https:\/\/www.bacciodimagio.it\/index.php?rest_route=\/wp\/v2\/pages\/8\/revisions"}],"predecessor-version":[{"id":9,"href":"https:\/\/www.bacciodimagio.it\/index.php?rest_route=\/wp\/v2\/pages\/8\/revisions\/9"}],"wp:attachment":[{"href":"https:\/\/www.bacciodimagio.it\/index.php?rest_route=%2Fwp%2Fv2%2Fmedia&parent=8"}],"curies":[{"name":"wp","href":"https:\/\/api.w.org\/{rel}","templated":true}]}}